 what is -5406164 + -5?
-5406170
In base 3, what is -221 - 122202002212?
-122202010210
In base 4, what is -31112132300 + -3?
-31112132303
In base 15, what is 0 + 4e4a10?
4e4a10
In base 2, what is -110111000 - -111000001001?
110001010001
In base 8, what is 3 + 36415756?
36415761
In base 14, what is 19123 - ad?
19054
In base 9, what is 31880 + 730?
32720
In base 8, what is -3 + 501007420?
501007415
In base 6, what is 21210244324 - 5?
21210244315
In base 3, what is -10 + -112110221221022102?
-112110221221022112
In base 12, what is 2085a + 1b09?
22767
In base 10, what is 113 - -444306?
444419
In base 8, what is -1 + 147270104?
147270103
In base 9, what is 17103830 - 2?
17103827
In base 5, what is -1202311442414 - 1?
-1202311442420
In base 8, what is -1731305 + 11?
-1731274
In base 5, what is -2104 + 30001123?
24444014
In base 9, what is -427234268 + -5?
-427234274
In base 7, what is -24 - -4066030?
4066003
In base 16, what is 9 - 578c031?
-578c028
In base 6, what is 144 + 34254312?
34254500
In base 16, what is -4 + 5b2e00?
5b2dfc
In base 13, what is -249b2 + 51?
-24961
In base 5, what is -140300224120 + 3?
-140300224112
In base 11, what is 9101186 - -5?
9101190
In base 9, what is 405 + -22773?
-22367
In base 11, what is -1252 + 93989?
92737
In base 15, what is -2472bdc - 1?
-2472bdd
In base 7, what is -1 + -414662213?
-414662214
In base 14, what is 1c87 + -3244?
-139b
In base 16, what is -b40271 - -11?
-b40260
In base 11, what is 4560693 - 0?
4560693
In base 2, what is 1111000000110110010111 + -110000111?
1111000000110000010000
In base 2, what is 1100011001001101010000011 + 100?
1100011001001101010000111
In base 8, what is 463105 + -3553?
457332
In base 9, what is 7 - -5720602?
5720610
In base 6, what is 430 + -152324154?
-152323324
In base 8, what is -6715541 - 104?
-6715645
In base 5, what is -10 + -141302114344?
-141302114404
In base 16, what is 3a3cac - -5?
3a3cb1
In base 10, what is -107800963 - 1?
-107800964
In base 15, what is 1013ba + 1c2?
10158c
In base 13, what is a7 + 51879?
51953
In base 9, what is -10458 - 278?
-10747
In base 2, what is -10001 - 1110001001111001000010?
-1110001001111001010011
In base 7, what is 43453411 + 26?
43453440
In base 7, what is -1325055545 + 1?
-1325055544
In base 3, what is -2122 + -10002020102?
-10002100001
In base 3, what is -10220021002002 - 1?
-10220021002010
In base 6, what is -10323322114 + -1?
-10323322115
In base 7, what is -243323640 - 11?
-243323651
In base 10, what is 4615724 + -156?
4615568
In base 9, what is 821 - 11780?
-10858
In base 4, what is 11030 - 32000223?
-31323133
In base 7, what is 1012356 + 11340?
1024026
In base 13, what is -2cc5 + 186a?
-1458
In base 3, what is -101010012202200 + -12?
-101010012202212
In base 10, what is -31791177 + -3?
-31791180
In base 15, what is 4ca2 - 5c7?
46ca
In base 9, what is -8454 + -785?
-10350
In base 12, what is ab31 - 13?
ab1a
In base 14, what is 904cd + 42?
90531
In base 6, what is 10412505 + 20310?
10433215
In base 7, what is 315 + -43532601?
-43532253
In base 2, what is 11001100 + 110110110010111?
110111001100011
In base 7, what is -36465 + -25124?
-64622
In base 6, what is -122 + 335415104?
335414542
In base 16, what is -4 + 123080?
12307c
In base 6, what is 232220 - -212?
232432
In base 15, what is -3a + 6c5918?
6c58cd
In base 7, what is -54643 - -4633?
-50010
In base 9, what is 130238 + 277?
130526
In base 8, what is 326640 - 724?
325714
In base 13, what is b8c - -164?
1023
In base 13, what is 422a - 1b99?
2361
In base 6, what is -10330 + 344121?
333351
In base 14, what is -5dbc + 21c?
-5ba0
In base 15, what is -6106 + 55ac?
-a49
In base 6, what is 31 + 2422453432?
2422453503
In base 9, what is 2 - 170730031?
-170730028
In base 3, what is -10 - -2001112122?
2001112112
In base 6, what is -43503 + 41240?
-2223
In base 10, what is 25 - 42736450?
-42736425
In base 10, what is -4197 - 1221?
-5418
In base 6, what is 2425334 - 5025?
2420305
In base 13, what is 1200a4 + -4?
1200a0
In base 5, what is 221203 + -10010?
211143
In base 8, what is -407 - -4200312?
4177703
In base 3, what is 12100 + 1212012001?
1212101101
In base 10, what is 5156130 + 5?
5156135
In base 14, what is -23 - -2db7c?
2db59
In base 9, what is -203 - 78712?
-80015
In base 4, what is -2212231011 + -2?
-2212231013
In base 13, what is 5 - 63c2a45?
-63c2a40
In base 8, what is -25310025 - 60?
-25310105
In base 7, what is -10 - -2105531544?
2105531534
In base 15, what is -14062 - -ad?
-13ea4
In base 13, what is -7604c03 + 1?
-7604c02
In base 10, what is 1696414 - -97?
1696511
In base 3, what is -121 - 1001202002211112?
-1001202002212010
In base 4, what is -1233220 + -213103?
-2112323
In base 5, what is -402110 - -2331?
-344224
In base 7, what is -161424615 - -62?
-161424523
In base 10, what is 2141 - -5474?
7615
In base 2, what is 100 + 111000111101011000000111?
111000111101011000001011
In base 10, what is 2140 - 256?
1884
In base 3, what is -1111 + -111021102021022?
-111021102022210
In base 15, what is 2cd + e13?
11e1
In base 12, what is -48467 + -1a71?
-4a318
In base 12, what is 22988 - -164?
22b30
In base 11, what is -972961626 + 2?
-972961624
In base 5, what is -3001 - -20224104?
20221103
In base 14, what is 5da19c - -4?
5da1a2
In base 15, what is -95 + 9a912?
9a86c
In base 15, what is -147a1c + -3b?
-147a58
In base 8, what is -55 + 430715?
430640
In base 4, what is -3020331 - 2331?
-3023322
In base 3, what is 2112102110 - -101010001?
2220112111
In base 8, what is -5627003 + 1?
-5627002
In base 6, what is -214415115 - -5?
-214415110
In base 14, what is -3b1d2b + -11?
-3b1d3c
In base 10, what is -13555937 - -9?
-13555928
In base 10, what is 2570 - 3237?
-667
In base 2, what is -1001100 - -1111100011100101?
1111100010011001
In base 7, what is -243 + 306112?
305536
In base 12, what is 5 - -1005a519?
1005a522
In base 10, what is 529 + 10649?
11178
In base 8, what is 3 + -61134546?
-61134543
In base 15, what is 5 + -10b47eb?
-10b47e6
In base 14, what is 30 - 3285?
-3255
In base 7, what is 162404622 + -42?
162404550
In base 11, what is -3 - 124a64a?
-124a652
In base 5, what is 10423 - 11343123?
-11332200
In base 10, what is 89817 + 177?
89994
In base 12, what is 11a + -424650?
-424532
In base 3, what is 2 - -12020002200012?
12020002200021
In base 7, what is 6 + -216610040?
-216610031
In base 4, what is -1033120311 - 22322?
-1033203233
In base 11, what is 217 + 454987?
4550a3
In base 2, what is 1110111100 - -1000111101?
10111111001
In base 10, what is 16 - 19752127?
-19752111
In base 9, what is -103 - 1225543?
-1225646
In base 8, what is 6030354 + 3?
6030357
In base 9, what is -2027716 - -228?
-2027477
In base 4, what is 12321 - 31210132?
-31131211
In base 14, what is -4 + 1305ba1?
1305b9b
In base 12, what is 28 - 951765?
-951739
In base 10, what is 6792 + -3629?
3163
In base 7, what is 2223031 + -1650?
2221051
In base 4, what is 12023 + 112302110?
112320133
In base 15, what is -e25a16 + 5?
-e25a11
In base 12, what is 3 + 2197329?
2197330
In base 7, what is -2 - -14503511?
14503506
In base 10, what is -89 - -1614647?
1614558
In base 2, what is -100100010000101001011 - -10000?
-100100010000100111011
In base 9, what is 5 + -6116812?
-6116806
In base 5, what is 2130 - 441002?
-433322
In base 14, what is 140b - -59a1?
6dac
In base 13, what is -2ca187a7 - -5?
-2ca187a2
In base 11, what is -5 + -42645?
-4264a
In base 2, what is 11000011111100 + 110100?
11000100110000
In base 9, what is 4202 + 2643?
6845
In base 10, what is 237 + 265341?
265578
In base 8, what is -450 - -66324?
65654
In base 2, what is 10010 + -1100010100111101101000?
-1100010100111101010110
In base 9, what is 3712 - -247504?
252316
In base 7, what is -23555246 + -5?
-23555254
In base 10, what is 14893 - -988?
15881
In base 3, what is -201100021012120121 - -1?
-201100021012120120
In base 5, what is 3122 - 3244102?
-3240430
In base 6, what is 2300405 - 13?
2300352
In base 14, what is -20d16228 - -5?
-20d16223
In base 4, what is -1 + 110111101110?
110111101103
In base 13, what is -16461 - -b9?
-16375
In base 2, what is -10011100 - 111001100000010100001?
-111001100000100111101
In base 8, what is -10 + -606356014?
-606356024
In base 13, what is -201555 - 62?
-2015b7
In base 11, what is -2 - a4149?
-a4150
In base 5, what is -123 + -